What are the prime factors of 7135935?
3, 5, 475729
What are the prime factors of 108335?
5, 47, 461
What are the prime factors of 28463892?
2, 3, 2371991
List the prime factors of 4098312.
2, 3, 56921
What are the prime factors of 1447382?
2, 19, 41, 929
List the prime factors of 5470880.
2, 5, 31, 1103
List the prime factors of 607309.
607309
What are the prime factors of 38902270?
2, 5, 11, 353657
List the prime factors of 605745.
3, 5, 7, 641
What are the prime factors of 162055?
5, 32411
List the prime factors of 18392873.
29, 634237
List the prime factors of 914490.
2, 3, 5, 1129
List the prime factors of 41438.
2, 20719
List the prime factors of 21893348.
2, 17, 321961
What are the prime factors of 498143?
498143
List the prime factors of 273771.
3, 19, 1601
List the prime factors of 9293341.
9293341
List the prime factors of 3288532.
2, 13, 63241
List the prime factors of 432725.
5, 19, 911
List the prime factors of 482890.
2, 5, 43, 1123
List the prime factors of 848507.
11, 77137
List the prime factors of 498179.
11, 45289
What are the prime factors of 356804?
2, 7, 12743
List the prime factors of 18206.
2, 9103
List the prime factors of 445667.
71, 6277
List the prime factors of 425104.
2, 163
What are the prime factors of 462391?
677, 683
What are the prime factors of 17451296?
2, 23, 131, 181
What are the prime factors of 38139615?
3, 5, 89, 107
What are the prime factors of 2189621?
7, 421, 743
What are the prime factors of 4779823?
313, 15271
What are the prime factors of 214581?
3, 71527
What are the prime factors of 1354?
2, 677
What are the prime factors of 431866?
2, 181, 1193
List the prime factors of 10258237.
11, 932567
What are the prime factors of 4213?
11, 383
What are the prime factors of 1900850?
2, 5, 7, 5431
List the prime factors of 5172671.
7, 738953
What are the prime factors of 148531?
148531
What are the prime factors of 1309616?
2, 7, 11, 1063
List the prime factors of 26310023.
43, 653, 937
List the prime factors of 1813834.
2, 11, 29, 2843
List the prime factors of 127585.
5, 17, 19, 79
List the prime factors of 9446203.
13, 17, 42743
What are the prime factors of 12247201?
23, 31, 89, 193
What are the prime factors of 182686?
2, 7, 13049
What are the prime factors of 629252?
2, 13, 12101
What are the prime factors of 3283908?
2, 3, 131, 2089
What are the prime factors of 947679?
3, 315893
What are the prime factors of 247173?
3, 47, 1753
List the prime factors of 336274.
2, 383, 439
List the prime factors of 435980.
2, 5, 21799
What are the prime factors of 134738?
2, 67369
What are the prime factors of 6274967?
1103, 5689
List the prime factors of 342564.
2, 3, 28547
What are the prime factors of 3000840?
2, 3, 5, 17, 1471
What are the prime factors of 18080?
2, 5, 113
What are the prime factors of 1364452?
2, 23, 14831
List the prime factors of 1165905.
3, 5, 13, 1993
List the prime factors of 1523793.
3, 59, 8609
What are the prime factors of 78954?
2, 3, 13159
What are the prime factors of 21659325?
3, 5, 487, 593
List the prime factors of 76507.
76507
List the prime factors of 141289.
23, 6143
What are the prime factors of 149911?
149911
What are the prime factors of 481105?
5, 96221
What are the prime factors of 5601?
3, 1867
What are the prime factors of 1127449?
181, 6229
List the prime factors of 286332.
2, 3, 107, 223
What are the prime factors of 2296874?
2, 1148437
What are the prime factors of 54984?
2, 3, 29, 79
List the prime factors of 2665197.
3, 98711
List the prime factors of 2616016.
2, 13, 12577
What are the prime factors of 333196?
2, 83299
What are the prime factors of 774137?
7, 13, 47, 181
What are the prime factors of 17192166?
2, 3, 31, 92431
What are the prime factors of 2062429?
2062429
List the prime factors of 4386.
2, 3, 17, 43
List the prime factors of 2430264.
2, 3, 109, 929
What are the prime factors of 101371?
17, 67, 89
What are the prime factors of 244479?
3, 227, 359
What are the prime factors of 63633?
3, 21211
What are the prime factors of 1384176?
2, 3, 28837
What are the prime factors of 16359575?
5, 113, 5791
What are the prime factors of 107671?
107671
What are the prime factors of 2440836?
2, 3, 67801
List the prime factors of 273881.
273881
What are the prime factors of 20188301?
7, 127, 22709
What are the prime factors of 5367353?
47, 114199
What are the prime factors of 217773?
3, 24197
List the prime factors of 131259.
3, 43753
List the prime factors of 254256.
2, 3, 5297
What are the prime factors of 15570298?
2, 1217, 6397
List the prime factors of 679957.
679957
List the prime factors of 14745.
3, 5, 983
What are the prime factors of 230275?
5, 61, 151
What are the prime factors of 2705782?
2, 613, 2207
List the prime factors of 11088179.
29, 382351
List the prime factors of 4119808.
2, 7, 11, 19
List the prime factors of 321189.
3, 11, 9733
What are the prime factors of 36538?
2, 18269
What are the prime factors of 1355221?
7, 193603
What are the prime factors of 231385?
5, 7, 11, 601
What are the prime factors of 176541?
3, 83, 709
What are the prime factors of 1801656?
2, 3, 19, 439
What are the prime factors of 4272?
2, 3, 89
What are the prime factors of 2035782?
2, 3, 7, 107, 151
List the prime factors of 22058801.
22058801
List the prime factors of 1079322.
2, 3, 29, 6203
What are the prime factors of 4732133?
7, 29, 23311
List the prime factors of 219901.
11, 19991
List the prime factors of 1117006.
2, 11, 50773
List the prime factors of 5542152.
2, 3, 7, 11, 2999
What are the prime factors of 659520?
2, 3, 5, 229
What are the prime factors of 518025?
3, 5, 6907
What are the prime factors of 3016445?
5, 463, 1303
What are the prime factors of 13742822?
2, 23, 298757
What are the prime factors of 589664?
2, 18427
What are the prime factors of 1905698?
2, 263, 3623
What are the prime factors of 5936244?
2, 3, 494687
What are the prime factors of 3018005?
5, 31, 19471
List the prime factors of 17806724.
2, 13, 19, 67, 269
What are the prime factors of 142795?
5, 28559
List the prime factors of 11928096.
2, 3, 83, 499
List the prime factors of 2288227.
19, 83, 1451
What are the prime factors of 2835248?
2, 13, 43, 317
What are the prime factors of 133240?
2, 5, 3331
List the prime factors of 1882114.
2, 13, 191, 379
List the prime factors of 99052.
2, 24763
List the prime factors of 11648920.
2, 5, 41, 7103
What are the prime factors of 3159830?
2, 5, 31, 10193
List the prime factors of 2531017.
2531017
What are the prime factors of 1924071?
3, 179, 3583
What are the prime factors of 116953?
116953
What are the prime factors of 1989257?
541, 3677
List the prime factors of 160044.
2, 3, 13337
What are the prime factors of 94022?
2, 53, 887
List the prime factors of 55204.
2, 37, 373
What are the prime factors of 685668?
2, 3, 57139
List the prime factors of 10598465.
5, 37, 59, 971
What are the prime factors of 548373?
3, 7, 26113
List the prime factors of 2021551.
7, 107, 2699
What are the prime factors of 660108?
2, 3, 55009
What are the prime factors of 1250061?
3, 17, 127, 193
List the prime factors of 33767027.
7, 101, 6823
What are the prime factors of 733896?
2, 3, 10193
What are the prime factors of 9206830?
2, 5, 19, 47, 1031
List the prime factors of 2597538.
2, 3, 432923
What are the prime factors of 186654?
2, 3, 13, 2393
List the prime factors of 2681945.
5, 7, 19, 37, 109
What are the prime factors of 1069568?
2, 2089
List the prime factors of 4461005.
5, 41, 47, 463
What are the prime factors of 900519?
3, 23, 31, 421
What are the prime factors of 235010?
2, 5, 71, 331
What are the prime factors of 198341?
11, 13, 19, 73
What are the prime factors of 2774675?
5, 41, 2707
List the prime factors of 8421737.
8421737
What are the prime factors of 22102857?
3, 7, 79, 4441
What are the prime factors of 12272510?
2, 5, 29, 101, 419
What are the prime factors of 888615?
3, 5, 7, 13, 31
What are the prime factors of 196352?
2, 13, 59
List the prime factors of 12880141.
181, 71161
What are the prime factors of 15850159?
13, 379, 3217
List the prime factors of 4338344.
2, 542293
List the prime factors of 200779.
200779
What are the prime factors of 4181246?
2, 2090623
List the prime factors of 1010997.
3, 13, 8641
List the prime factors of 31